se 7.
534653
What is -7a9904 (base 11) in base 3?
-2102101012201
What is -19997 (base 12) in base 15?
-b284
What is -113150342 (base 6) in base 11?
-1214237
20e40 (base 16) to base 4
200321000
-106135 (base 13) to base 9
-645621
80065 (base 11) to base 5
12222244
What is 36a5560 (base 11) in base 13?
1443b3b
Convert 256a7 (base 16) to base 3.
21210020010
What is -1130101113 (base 4) in base 5?
-44043233
Convert -1a99ab (base 14) to base 5.
-220323340
-15765130 (base 9) to base 4
-132013320330
What is 2231330312 (base 4) in base 10?
712502
3576349 (base 10) to base 14
691497
Convert -324443440 (base 5) to base 15.
-1cb965
-4b4aa (base 15) to base 14
-639db
Convert -110010100111100100 (base 2) to base 8.
-624744
Convert -31505204 (base 6) to base 4.
-3202030210
Convert 11c38 (base 13) to base 7.
164503
Convert -10124211 (base 5) to base 7.
-464101
What is 11160375 (base 8) in base 11?
1400936
What is -6880017 (base 9) in base 11?
-2107048
-213101301202 (base 4) to base 5
-10113441133
Convert -59ee3 (base 15) to base 7.
-2303223
What is 10011100001000011101010 (base 2) in base 10?
5116138
Convert 82810 (base 14) to base 15.
6324d
What is 12110122202 (base 3) in base 7?
625553
What is 6e385 (base 15) in base 11?
220349
What is 8a56 (base 16) in base 6?
431542
What is -113415040 (base 6) in base 10?
-2133024
Convert -3353436 (base 7) to base 8.
-1455561
1200020221 (base 3) to base 15
9b97
What is -107352a (base 12) in base 6?
-151123254
Convert -206207 (base 10) to base 8.
-622577
Convert 1897c9 (base 15) to base 13.
32b7c7
42464 (base 10) to base 16
a5e0
Convert -766030 (base 8) to base 3.
-111001121022
Convert -84aa07 (base 11) to base 7.
-14400246
-42610555 (base 7) to base 16
-376f66
What is 41c71 (base 15) in base 6?
4250041
1bad0 (base 16) to base 3
12202111112
2828b2 (base 13) to base 9
1748126
What is -31147000 (base 8) in base 16?
-64ce00
What is 33799 (base 13) in base 3?
11202101001
278695 (base 11) to base 4
1222131203
What is -1370a3 (base 13) in base 3?
-220000010120
70232 (base 10) to base 12
34788
Convert 78549 (base 11) to base 6.
2234453
-13628 (base 10) to base 6
-143032
326653 (base 8) to base 10
109995
4524135 (base 7) to base 13
1683a8
430774 (base 12) to base 4
10002131020
What is 20020010 (base 4) in base 16?
8204
Convert -711110 (base 8) to base 15.
-4953b
53275 (base 10) to base 13
1b331
16633645 (base 7) to base 15
2258ad
Convert -31032010303 (base 4) to base 14.
-662d35
What is -3860b (base 13) in base 3?
-12022001101
-211333022 (base 4) to base 12
-76062
What is -202221102222 (base 3) in base 2?
-1100100101000110000
Convert 1a857 (base 13) to base 14.
14d11
What is -6246260 (base 9) in base 15?
-45dda3
130088 (base 13) to base 14
bc812
201524 (base 7) to base 9
51842
What is 70b4c9 (base 13) in base 15?
36c774
Convert -212123332202 (base 4) to base 6.
-555544242
Convert -206252 (base 8) to base 3.
-10111100100
What is -a9446 (base 13) in base 15?
-60a7c
Convert 1111011011110110100010 (base 2) to base 8.
17336642
Convert 13728 (base 13) to base 11.
25363
What is 32d2b1 (base 14) in base 15?
241868
Convert 13033210 (base 4) to base 3.
1111200211
Convert -18d4a1 (base 14) to base 2.
-11010111010001010101
Convert 13cdb22 (base 14) to base 2.
100100110001111110000010
What is -32402112 (base 6) in base 10?
-964700
Convert -343501212 (base 6) to base 10.
-6337736
-263525 (base 8) to base 14
-25749
1001011110000111000111 (base 2) to base 3
11200010112022
What is 1217452 (base 9) in base 13?
1a2184
What is 4945022 (base 12) in base 4?
312131013122
Convert -131332312 (base 6) to base 15.
-36382e
Convert 2410214 (base 5) to base 4.
22312102
Convert -141503 (base 12) to base 5.
-41143402
What is -415848 (base 10) in base 2?
-1100101100001101000
What is -15ac (base 14) in base 9?
-5276
Convert -15dec (base 16) to base 14.
-24908
440b5 (base 13) to base 2
11110000100101100
-121330113 (base 6) to base 2
-1000110100110010111101
-21210032 (base 5) to base 4
-223221033
203521 (base 7) to base 5
2104103
What is 200111311 (base 5) in base 6?
24455114
What is 1a7cbe (base 15) in base 11?
802883
-68a1c (base 16) to base 15
-86eb7
-1e039 (base 15) to base 8
-277211
What is -2000202112021 (base 3) in base 10?
-1077847
-2b7b5b (base 12) to base 14
-153703
What is -4143605 (base 7) in base 2?
-1111001101010011111
Convert 101132310 (base 4) to base 16.
117b4
What is -a0b8c (base 13) in base 9?
-477438
Convert -7929c (base 16) to base 4.
-1321022130
-13013221320 (base 4) to base 9
-3454143
Convert -11101111020 (base 4) to base 15.
-1c45d9
3366310 (base 8) to base 7
10520411
Convert 222214011 (base 5) to base 10.
976131
Convert -129580 (base 14) to base 7.
-5305120
What is -2103201 (base 5) in base 16?
-87f1
Convert b2daa (base 16) to base 10.
732586
What is -334401424 (base 5) in base 16?
-169b11
Convert -4823a1 (base 13) to base 6.
-100500524
Convert -35aa02 (base 11) to base 10.
-570880
What is -20112220001 (base 3) in base 4?
-133132321
-192337 (base 11) to base 5
-33432020
What is 1154241 (base 7) in base 16?
241f8
50b34 (base 13) to base 2
100011010101000011
What is 1a3b7a5 (base 12) in base 14?
a4903b
What is 1285401 (base 11) in base 9?
4150377
-156563 (base 8) to base 3
-2212202200
Convert 747a7a (base 12) to base 3.
10110101210211
216516465 (base 7) to base 4
302021322000
1000101101111010001101 (base 2) to base 14
436b25
What is -8626283 (base 10) in base 11?
-4962066
What is 5764899 (base 10) in base 8?
25773443
-a739d (base 14) to base 13
-111c13
Convert -25b63 (base 13) to base 9.
-116070
Convert 31b194 (base 12) to base 11.
4979a7
-31504 (base 10) to base 5
-2002004
-10010101000111001010101 (base 2) to base 14
-912913
f9d71 (base 16) to base 8
3716561
Convert 1dadd (base 15) to base 16.
17abe
-33b5 (base 12) to base 8
-13171
-722971 (base 10) to base 9
-1321651
Convert -221274 (base 8) to base 12.
-370a4
Convert -1244346 (base 7) to base 4.
-213221310
-18544b (base 12) to base 10
-423995
1001001020020 (base 3) to base 5
120131041
What is -756715 (base 9) in base 15?
-8d9d8
-20110555 (base 9) to base 7
-144604433
Convert 22210221012220 (base 3) to base 4.
101313113313
What is -38821 (base 11) in base 4?
-31210022
101210022001010 (base 3) to base 10
5733615
-165343 (base 7) to base 13
-120b8
What is 226624 (base 10) in base 16?
37540
What is 111110110111111100 (base 2) in base 12?
105050
Convert 1b296 (base 12) to base 5.
2241041
322030022 (base 4) to base 14
62c0a
What is 575878 (base 9) in base 7?
2636252
-21053242 (base 6) to base 8
-2256572
Convert 201301311210 (base 4) to base 6.
513442500
-211102201112 (base 3) to base 9
-742645
535a6 (base 13) to base 11
a2a87
What is 4689910 (base 11) in base 3?
120101201122002
a5a880 (base 11) to base 6
100221253
What is -633326 (base 8) in base 11?
-134297
Convert -13264224 (base 8) to base 15.
-3dbb2c
What is 4050512 (base 6) in base 8?
571414
What is -8668 (base 12) in base 2?
-11100110110000
Convert 444041224 (base 5) to base 12.
796965
What is 14657500 (base 8) in base 5?
1330213340
-111033115 (base 6) to base 7
-23043236
-222102201110 (base 3) to base 4
-1333001232
What is 11121110200 (base 3) in base 14?
250d4
What is 1c5f0 (base 16) in base 6?
2254000
What is 66071 (base 11) in base 12?
47606
What is -7ab1a6 (base 15) in base 12?
-1b66a19
-4164141 (base 10) to base 14
-7a5789
-21101022220101 (base 3) to base 12
-13925a7
What is 10010212100 (base 3) in base 6?
1154230
What is -6061556 (base 7) in base 15?
-e391e
What is 110101001001111110100 (base 2) in base 3?
10021111022120
-1521421 (base 8) to base 9
-732580
2460660 (base 8) to base 13
1aa8b0
What is -30335524 (base 6) in base 14?
-188616
What is 110101000100100 (base 2) in base 6?
325444
What is 203104442 (base 5) in base 6?
25455132
What is 1032113133 (base 4) in base 16?
4e5df
What is 2727125 (base 10) in base 11?
15a2a25
Convert -2a8181 (base 11) to base 3.
-220100120110
11000111100111001101 (base 2) to base 12
3351a5
Convert -60453 (base 13) to base 3.
-22202002110
Convert -10644017 (base 8) to base 15.
-30a172
Convert 5a09a (base 13) to base 5.
20234102
What is 81226 (base 9) in base 14?
15667
What is -45251035 (base 6) in base 4?
-11033300333
-1ada69 (base 14) to base 6
-32323033
What is -154b4 (base 15) in base 13?
-25297